{"id":800,"date":"2019-04-14T09:00:55","date_gmt":"2019-04-14T09:00:55","guid":{"rendered":"http:\/\/lavanthe.de\/?page_id=800"},"modified":"2021-01-23T22:46:53","modified_gmt":"2021-01-23T22:46:53","slug":"video-2","status":"publish","type":"page","link":"https:\/\/lavanthe.de\/index.php\/video-2\/","title":{"rendered":"Video"},"content":{"rendered":"\n<p><\/p>\n\n\n\nUzun \u0130nce Bir Yolday\u0131m, 11.07.2020 &#8211; Kulturwekstatt Auf AEG \n<iframe loading=\"lazy\" title=\"Uzun \u0130nce Bir Yolday\u0131m \/ Ein Langer Schmaler Weg\" width=\"525\" height=\"295\" src=\"https:\/\/www.youtube.com\/embed\/PbFzrEryx4U?feature=oembed\" frameborder=\"0\" allow=\"accelerometer; autoplay; clipboard-write; encrypted-media; gyroscope; picture-in-picture; web-share\" referrerpolicy=\"strict-origin-when-cross-origin\" allowfullscreen><\/iframe> \n\n\n\nBana Seni Gerek Seni,  18.12.2020\n<iframe loading=\"lazy\" title=\"Bana Seni Gerek Seni \/ Ich Brauch&#039; Dich Nur Dich Allein\" width=\"525\" height=\"295\" src=\"https:\/\/www.youtube.com\/embed\/_nufKniqRT8?feature=oembed\" frameborder=\"0\" allow=\"accelerometer; autoplay; clipboard-write; encrypted-media; gyroscope; picture-in-picture; web-share\" referrerpolicy=\"strict-origin-when-cross-origin\" allowfullscreen><\/iframe>\n\n\n\nRodos Semah\u0131, 11.07.2020 &#8211; Kulturwekstatt Auf AEG\n<iframe loading=\"lazy\" title=\"Rodos  Semah\u0131 \/ Semah Aus Rhodos\" width=\"525\" height=\"295\" src=\"https:\/\/www.youtube.com\/embed\/ENy3keFW17M?feature=oembed\" frameborder=\"0\" allow=\"accelerometer; autoplay; clipboard-write; encrypted-media; gyroscope; picture-in-picture; web-share\" referrerpolicy=\"strict-origin-when-cross-origin\" allowfullscreen><\/iframe>\n\n\n\n\u015eifa istemem bal\u0131ndan, 11.07.2020 &#8211; Kulturwekstatt Auf AEG\n<iframe loading=\"lazy\" title=\"\u015eifa \u0130stemem Bal\u0131ndan \/ Ich Will Keine Heilung Durch Deinen Honig\" width=\"525\" height=\"295\" src=\"https:\/\/www.youtube.com\/embed\/CTsXTcnjnpI?feature=oembed\" frameborder=\"0\" allow=\"accelerometer; autoplay; clipboard-write; encrypted-media; gyroscope; picture-in-picture; web-share\" referrerpolicy=\"strict-origin-when-cross-origin\" allowfullscreen><\/iframe>\n\n\n\nKalbim Ege\u2019de Kald\u0131 \/ \u00c4g\u00e4is &#8211; Meine Sehnsucht, 12.06.2020 &#8211; N\u00fcrnberg\n<iframe loading=\"lazy\" title=\"Kalbim Ege\u2019de Kald\u0131 \/ \u00c4g\u00e4is - Meine Sehnsucht\" width=\"525\" height=\"295\" src=\"https:\/\/www.youtube.com\/embed\/GJPtwVRZ6R0?feature=oembed\" frameborder=\"0\" allow=\"accelerometer; autoplay; clipboard-write; encrypted-media; gyroscope; picture-in-picture; web-share\" referrerpolicy=\"strict-origin-when-cross-origin\" allowfullscreen><\/iframe>\n\n\n\nRodos Semah\u0131, 14.04.2019 &#8211; Dehnberger Hof Theater \n<iframe loading=\"lazy\" title=\"Rodos Semah\u0131 (Ay\u0131plar\u0131m g\u00f6n\u00fcl seni)\" width=\"525\" height=\"295\" src=\"https:\/\/www.youtube.com\/embed\/fEvjURyxcmc?feature=oembed\" frameborder=\"0\" allow=\"accelerometer; autoplay; clipboard-write; encrypted-media; gyroscope; picture-in-picture; web-share\" referrerpolicy=\"strict-origin-when-cross-origin\" allowfullscreen><\/iframe>\n","protected":false},"excerpt":{"rendered":"<p>Uzun \u0130nce Bir Yolday\u0131m, 11.07.2020 &#8211; Kulturwekstatt Auf AEG Bana Seni Gerek Seni, 18.12.2020 Rodos Semah\u0131, 11.07.2020 &#8211; Kulturwekstatt Auf AEG \u015eifa istemem bal\u0131ndan, 11.07.2020 &#8211; Kulturwekstatt Auf AEG Kalbim Ege\u2019de Kald\u0131 \/ \u00c4g\u00e4is &#8211; Meine Sehnsucht, 12.06.2020 &#8211; N\u00fcrnberg Rodos Semah\u0131, 14.04.2019 &#8211; Dehnberger Hof Theater<\/p>\n","protected":false},"author":3,"featured_media":0,"parent":0,"menu_order":0,"comment_status":"closed","ping_status":"closed","template":"","meta":{"footnotes":""},"class_list":["post-800","page","type-page","status-publish","hentry"],"_links":{"self":[{"href":"https:\/\/lavanthe.de\/index.php\/wp-json\/wp\/v2\/pages\/800","targetHints":{"allow":["GET"]}}],"collection":[{"href":"https:\/\/lavanthe.de\/index.php\/wp-json\/wp\/v2\/pages"}],"about":[{"href":"https:\/\/lavanthe.de\/index.php\/wp-json\/wp\/v2\/types\/page"}],"author":[{"embeddable":true,"href":"https:\/\/lavanthe.de\/index.php\/wp-json\/wp\/v2\/users\/3"}],"replies":[{"embeddable":true,"href":"https:\/\/lavanthe.de\/index.php\/wp-json\/wp\/v2\/comments?post=800"}],"version-history":[{"count":22,"href":"https:\/\/lavanthe.de\/index.php\/wp-json\/wp\/v2\/pages\/800\/revisions"}],"predecessor-version":[{"id":1990,"href":"https:\/\/lavanthe.de\/index.php\/wp-json\/wp\/v2\/pages\/800\/revisions\/1990"}],"wp:attachment":[{"href":"https:\/\/lavanthe.de\/index.php\/wp-json\/wp\/v2\/media?parent=800"}],"curies":[{"name":"wp","href":"https:\/\/api.w.org\/{rel}","templated":true}]}}

<p></p>



Uzun İnce Bir Yoldayım, 11.07.2020 &#8211; Kulturwekstatt Auf AEG 
<iframe loading="lazy" title="Uzun İnce Bir Yoldayım / Ein Langer Schmaler Weg" width="525" height="295" src="https://www.youtube.com/embed/PbFzrEryx4U?feature=oembed" frameborder="0" allow="accelerometer; autoplay; clipboard-write; encrypted-media; gyroscope; picture-in-picture; web-share" referrerpolicy="strict-origin-when-cross-origin" allowfullscreen></iframe> 



Bana Seni Gerek Seni,  18.12.2020
<iframe loading="lazy" title="Bana Seni Gerek Seni / Ich Brauch&#039; Dich Nur Dich Allein" width="525" height="295" src="https://www.youtube.com/embed/_nufKniqRT8?feature=oembed" frameborder="0" allow="accelerometer; autoplay; clipboard-write; encrypted-media; gyroscope; picture-in-picture; web-share" referrerpolicy="strict-origin-when-cross-origin" allowfullscreen></iframe>



Rodos Semahı, 11.07.2020 &#8211; Kulturwekstatt Auf AEG
<iframe loading="lazy" title="Rodos  Semahı / Semah Aus Rhodos" width="525" height="295" src="https://www.youtube.com/embed/ENy3keFW17M?feature=oembed" frameborder="0" allow="accelerometer; autoplay; clipboard-write; encrypted-media; gyroscope; picture-in-picture; web-share" referrerpolicy="strict-origin-when-cross-origin" allowfullscreen></iframe>



Şifa istemem balından, 11.07.2020 &#8211; Kulturwekstatt Auf AEG
<iframe loading="lazy" title="Şifa İstemem Balından / Ich Will Keine Heilung Durch Deinen Honig" width="525" height="295" src="https://www.youtube.com/embed/CTsXTcnjnpI?feature=oembed" frameborder="0" allow="accelerometer; autoplay; clipboard-write; encrypted-media; gyroscope; picture-in-picture; web-share" referrerpolicy="strict-origin-when-cross-origin" allowfullscreen></iframe>



Kalbim Ege’de Kaldı / Ägäis &#8211; Meine Sehnsucht, 12.06.2020 &#8211; Nürnberg
<iframe loading="lazy" title="Kalbim Ege’de Kaldı / Ägäis - Meine Sehnsucht" width="525" height="295" src="https://www.youtube.com/embed/GJPtwVRZ6R0?feature=oembed" frameborder="0" allow="accelerometer; autoplay; clipboard-write; encrypted-media; gyroscope; picture-in-picture; web-share" referrerpolicy="strict-origin-when-cross-origin" allowfullscreen></iframe>



Rodos Semahı, 14.04.2019 &#8211; Dehnberger Hof Theater 
<iframe loading="lazy" title="Rodos Semahı (Ayıplarım gönül seni)" width="525" height="295" src="https://www.youtube.com/embed/fEvjURyxcmc?feature=oembed" frameborder="0" allow="accelerometer; autoplay; clipboard-write; encrypted-media; gyroscope; picture-in-picture; web-share" referrerpolicy="strict-origin-when-cross-origin" allowfullscreen></iframe>

<p>Uzun İnce Bir Yoldayım, 11.07.2020 &#8211; Kulturwekstatt Auf AEG Bana Seni Gerek Seni, 18.12.2020 Rodos Semahı, 11.07.2020 &#8211; Kulturwekstatt Auf AEG Şifa istemem balından, 11.07.2020 &#8211; Kulturwekstatt Auf AEG Kalbim Ege’de Kaldı / Ägäis &#8211; Meine Sehnsucht, 12.06.2020 &#8211; Nürnberg Rodos Semahı, 14.04.2019 &#8211; Dehnberger Hof Theater</p>
