{"id":892,"date":"2019-03-01T21:46:00","date_gmt":"2019-03-01T21:46:00","guid":{"rendered":"http:\/\/lavanthe.de\/?page_id=892"},"modified":"2022-03-18T14:51:54","modified_gmt":"2022-03-18T14:51:54","slug":"startseite","status":"publish","type":"page","link":"https:\/\/lavanthe.de\/","title":{"rendered":"Startseite"},"content":{"rendered":"\n<p>Die Gruppe Lavanthe tritt mit ihrem besonderen Programm der Bardenlieder seit einigen Jahren auf verschiedenen B\u00fchnen in und um N\u00fcrnberg auf.<\/p>\n\n\n\n<p>Ihr Repertoire entstammt dem unersch\u00f6pflichen Schatz der Bardenliteratur. Die Bardentradition, die in der T\u00fcrkei noch heute existiert, aktiv gelebt und auch fortentwickelt wird, geht bis in die Zeit des 13. Jahrhunderts zur\u00fcck.<\/p>\n\n\n\n<p>So geh\u00f6ren Lieder des \u00fcber die Landesgrenzen hinaus bekannten Dichters Yunus Emre aus dem 13.\/14. Jahrhundert genauso zum Repertoire, wie auch die Lieder der heute lebenden aktiven Bardinnen und Barden.<\/p>\n\n\n\n<p>Die Aktualit\u00e4t der Themen der Lieder fr\u00fcherer Jahrhunderte verwundert kaum. Sowohl die Barden fr\u00fcherer Zeiten, als auch die heute lebenden besingen Themen des Menschseins in all seinen Facetten: Liebe, Freundschaft, Gleichheit und Br\u00fcderlichkeit, Lebensfreude, kurze, pr\u00e4gnante Lebensweisheiten und vor allem die tiefe Verbundenheit zur Natur, wie z. B. in dem ber\u00fchmten Lied \u201eKara Toprak\u201c (Schwarze Erde) von A\u015f\u0131k Veysel.<\/p>\n\n\n\n<p>Ziel von Lavanthe war es immer diese klare Sch\u00f6nheit in der Melodie und der Worte dem Zuh\u00f6rer nahe zu bringen. Die Originallieder werden \u00fcblicherweise auf der Ba\u011flama begleitet. Eylem Balabans klare, sch\u00f6ne Stimme ber\u00fchrt und fesselt die Zuh\u00f6rer. Da es aber zu schade w\u00e4re, die Worte der Lieder nicht zu verstehen, gibt es vor jedem Lied eine deutsche Rezitation. Nicht nur eine \u00dcbersetzung. Die Poesie der deutschen \u00dcbersetzungen ber\u00fchrt gleicherma\u00dfen, vor allem mit der wunderbaren, ausdrucksstarken Stimme von Anika Herbst.<\/p>\n\n\n\n<p>Nicht nur f\u00fcr Zuh\u00f6rer, die beide Sprachen beherrschen, ein doppelter Genuss.<br><\/p>\n\n\n\n<div class=\"wp-block-image\"><figure class=\"aligncenter size-large\"><img loading=\"lazy\" decoding=\"async\" width=\"1024\" height=\"543\" src=\"https:\/\/lavanthe.de\/wp-content\/uploads\/2019\/08\/WhatsApp-Image-2019-06-19-at-12.16.30-1-e1565080078823-1024x543.jpeg\" alt=\"\" class=\"wp-image-792\"\/><\/figure><\/div>\n\n\n\n<table style=\"width: 100%; border-collapse: collapse; border-style: none; height: 381px;\">\n<tbody>\n<tr style=\"height: 381px;\">\n<td style=\"width: 73.1453%; height: 381px;\">\n<h4><strong data-rich-text-format-boundary=\"true\">Anika Herbst (Rezitation)<\/strong><\/h4>\n<br \/>hat einen Abschluss in Philosophy &amp; Economics an der Universit\u00e4t Bayreuth und absolvierte ihr Schauspielstudium an der Otto-Falckenberg-Schule in M\u00fcnchen. Sie wirkte an den M\u00fcnchner Kammerspielen am Akademietheater mit und stellte auch eigene Produktionen auf die Beine. <br data-rich-text-line-break=\"true\" \/><br data-rich-text-line-break=\"true\" \/>F\u00fcr ihr zweisprachiges Theaterprojekt Atamaii &#8211; Gewitzte Kerle erhielt sie den Deutsch-Japanischen Freundschaftspreis der Robert Bosch Stiftung. <br \/>In der Zeit als festes Ensemblemitglied am Theater Erlangen wurde sie mit dem Erlanger Theaterpreis f\u00fcr herausragende k\u00fcnstlerische Leistungen ausgezeichnet. <br data-rich-text-line-break=\"true\" \/><br data-rich-text-line-break=\"true\" \/>Mittlerweile arbeitet sie freischaffend als Schauspielerin und Sprecherin.<\/td>\n<td style=\"width: 26.8547%; text-align: center; height: 381px;\">\u00a0<\/td>\n<\/tr>\n<\/tbody>\n<\/table>\n\n\n\n<table style=\"width: 100%; border-collapse: collapse; border-style: none;\">\n<tbody>\n<tr>\n<td style=\"width: 73.442%;\">\n<h4><strong data-rich-text-format-boundary=\"true\">Eylem Balaban (Gesang)<\/strong><\/h4>\n<br>hat in Izmir Rechtswissenschaften studiert. Die gro\u00dfe Leidenschaft der in N\u00fcrnberg lebenden Rechtsanw\u00e4ltin ist der Gesang und so hat sie viel Erfahrung mit Auftritten auf kleineren und gr\u00f6\u00dferen B\u00fchnen. Schon als Kind trat sie als Solistin auf.<br data-rich-text-line-break=\"true\"><br data-rich-text-line-break=\"true\">Ob traditionelle Lieder der Barden oder moderne St\u00fccke: sie \u00fcberzeugt mit ihrer klaren und starken Stimme.<br data-rich-text-line-break=\"true\"><br data-rich-text-line-break=\"true\">Sie arbeitet mit unterschiedlichen internationalen Musikgruppen zusammen und zeigt, dass die universelle Sprache der Musik eine wichtige Rolle bei der Ann\u00e4herung zwischen Kulturen spielt.<\/td>\n<td style=\"width: 26.558%; text-align: center;\">&nbsp;<\/td>\n<\/tr>\n<\/tbody>\n<\/table>\n\n\n\n<table style=\"width: 100%; border-collapse: collapse; border-style: none;\">\n<tbody>\n<tr>\n<td style=\"width: 74.0355%;\">\n<h4><strong data-rich-text-format-boundary=\"true\">Sad\u0131k K\u0131r\u0131c\u0131 (Ba\u011flama, Tar)<\/strong><\/h4>\n<br>arbeitet in N\u00fcrnberg als Audiomessingenieur und hat schon als Kind mit dem Ba\u011flama- Spielen begonnen.<br data-rich-text-line-break=\"true\"><br data-rich-text-line-break=\"true\">Die Bardenliteratur war schon immer ein fester Bestandteil seines Repertoires.<br data-rich-text-line-break=\"true\"><br data-rich-text-line-break=\"true\">Sein gro\u00dfer Wunsch ist es, nicht so bekannte, in Vergessenheit geratene Lieder von fr\u00fcheren oder neueren Barden wieder aufleben zu lassen.<\/td>\n<td style=\"width: 25.9645%;\">&nbsp;<\/td>\n<\/tr>\n<\/tbody>\n<\/table>\n\n\n\n<table style=\"width: 100%; border-collapse: collapse; border-style: none;\">\n<tbody>\n<tr>\n<td style=\"width: 74.0356%;\">\n<h4><span style=\"color: #808080;\"><strong data-rich-text-format-boundary=\"true\">Michael Popp (Multi-Instrumentalist)<\/strong><\/span><\/h4>\n<br \/>\n<ul>\n<li><span style=\"color: #808080;\">Studium der Musik am Mozarteum in Salzburg 1983-1987 u.a. bei Nikolaus Harnoncourt<\/span><\/li>\n<li><span style=\"color: #808080;\">Spezialisierung auf Alte Musik mit den Instrumenten Barockoboe, Traversfl\u00f6te und Blockfl\u00f6te<\/span><\/li>\n<li><span style=\"color: #808080;\">Kurse in t\u00fcrkischer Ud bei Cinucen Tanr\u0131korur<\/span><\/li>\n<li><span style=\"color: #808080;\">Gr\u00fcndung verschiedener Ensembles, wie z. B.das Mittelalterensembles ESTAMPIE, die Band QNTAL, das Projekt MARCO POLO, <\/span><br \/><span style=\"color: #808080;\">das Ensemble AL ANDALUZ PROJECTS und das Vokalensemble VOCAME.<\/span><\/li>\n<li><span style=\"color: #808080;\">Produktion mehrerer CD\u00b4s und DVD\u2018s<\/span><\/li>\n<li><span style=\"color: #808080;\">Gewinn des renommierten Weltmusikpreises \u201eRuth\u201c des Festivals Rudolstadt<\/span><\/li>\n<li><span style=\"color: #808080;\">Tourneen und Auftritte in ganz Europa , den USA und Kanada<\/span><\/li>\n<li><span style=\"color: #808080;\">Arbeit als Theatermusiker und \u2013 Komponist an diversen deutschen und schweizerischen Theatern.<\/span><\/li>\n<\/ul>\n<\/td>\n<td style=\"width: 25.9645%; text-align: center;\">\u00a0<\/td>\n<\/tr>\n<\/tbody>\n<\/table>\n\n\n\n<table style=\"width: 100%; border-collapse: collapse; border-style: none; height: 407px;\">\n<tbody>\n<tr style=\"height: 407px;\">\n<td style=\"width: 75.8159%; height: 407px;\">\n<h4><span style=\"color: #808080;\"><strong>Cornelius Wachinger (Oud, Bass)<\/strong><\/span><\/h4>\n<span style=\"color: #808080;\">bekam die Musik bereits in die Wiege gelegt und braucht diese ebenso zum Leben wie Luft, Wasser, Liebe und Nahrung.<\/span><br \/><br \/><span style=\"color: #808080;\">Neben seiner Arbeit als IT-Consultant leistet er ehrenamtliche Arbeit im Rahmen der Fl\u00fcchtlingshilfe, in der Kulturwerkstatt auf AEG sowie beim Br\u00fcckenfestival in N\u00fcrnberg.<\/span><br \/><br \/><span style=\"color: #808080;\">Nach diversen Ausfl\u00fcgen \u00fcber verschiedene Tasten- und Blasinstrumenten kam er schlie\u00dflich bei der E-Gitarre an, die seitdem sein Hauptinstrument ist und ihn bei zahlreichen Auftritten mit verschiedenen Bands begleitet hat.<\/span><br \/><span style=\"color: #808080;\">\u00dcber einige Umwege kam er dann zur modalen Musik und entdeckte die Oud als weiteres musikalisches Ausdrucksmittel.<\/span><br \/><br \/><span style=\"color: #808080;\">Er ist davon \u00fcberzeugt, dass Musik die universelle Sprache der Seele ist und ein verbindendes Element zwischen allen V\u00f6lkern unserer Erde.<\/span><\/td>\n<td style=\"width: 24.1841%; height: 407px;\">\u00a0<\/td>\n<\/tr>\n<\/tbody>\n<\/table>\n","protected":false},"excerpt":{"rendered":"<p>Die Gruppe Lavanthe tritt mit ihrem besonderen Programm der Bardenlieder seit einigen Jahren auf verschiedenen B\u00fchnen in und um N\u00fcrnberg auf. Ihr Repertoire entstammt dem unersch\u00f6pflichen Schatz der Bardenliteratur. Die Bardentradition, die in der T\u00fcrkei noch heute existiert, aktiv gelebt und auch fortentwickelt wird, geht bis in die Zeit des 13. Jahrhunderts zur\u00fcck. So geh\u00f6ren &hellip; <\/p>\n<p class=\"link-more\"><a href=\"https:\/\/lavanthe.de\/\" class=\"more-link\"><span class=\"screen-reader-text\">\u201eStartseite\u201c <\/span>weiterlesen<\/a><\/p>\n","protected":false},"author":3,"featured_media":0,"parent":0,"menu_order":0,"comment_status":"closed","ping_status":"closed","template":"","meta":{"footnotes":""},"class_list":["post-892","page","type-page","status-publish","hentry"],"_links":{"self":[{"href":"https:\/\/lavanthe.de\/index.php\/wp-json\/wp\/v2\/pages\/892","targetHints":{"allow":["GET"]}}],"collection":[{"href":"https:\/\/lavanthe.de\/index.php\/wp-json\/wp\/v2\/pages"}],"about":[{"href":"https:\/\/lavanthe.de\/index.php\/wp-json\/wp\/v2\/types\/page"}],"author":[{"embeddable":true,"href":"https:\/\/lavanthe.de\/index.php\/wp-json\/wp\/v2\/users\/3"}],"replies":[{"embeddable":true,"href":"https:\/\/lavanthe.de\/index.php\/wp-json\/wp\/v2\/comments?post=892"}],"version-history":[{"count":50,"href":"https:\/\/lavanthe.de\/index.php\/wp-json\/wp\/v2\/pages\/892\/revisions"}],"predecessor-version":[{"id":2232,"href":"https:\/\/lavanthe.de\/index.php\/wp-json\/wp\/v2\/pages\/892\/revisions\/2232"}],"wp:attachment":[{"href":"https:\/\/lavanthe.de\/index.php\/wp-json\/wp\/v2\/media?parent=892"}],"curies":[{"name":"wp","href":"https:\/\/api.w.org\/{rel}","templated":true}]}}

<p>Die Gruppe Lavanthe tritt mit ihrem besonderen Programm der Bardenlieder seit einigen Jahren auf verschiedenen Bühnen in und um Nürnberg auf.</p>



<p>Ihr Repertoire entstammt dem unerschöpflichen Schatz der Bardenliteratur. Die Bardentradition, die in der Türkei noch heute existiert, aktiv gelebt und auch fortentwickelt wird, geht bis in die Zeit des 13. Jahrhunderts zurück.</p>



<p>So gehören Lieder des über die Landesgrenzen hinaus bekannten Dichters Yunus Emre aus dem 13./14. Jahrhundert genauso zum Repertoire, wie auch die Lieder der heute lebenden aktiven Bardinnen und Barden.</p>



<p>Die Aktualität der Themen der Lieder früherer Jahrhunderte verwundert kaum. Sowohl die Barden früherer Zeiten, als auch die heute lebenden besingen Themen des Menschseins in all seinen Facetten: Liebe, Freundschaft, Gleichheit und Brüderlichkeit, Lebensfreude, kurze, prägnante Lebensweisheiten und vor allem die tiefe Verbundenheit zur Natur, wie z. B. in dem berühmten Lied „Kara Toprak“ (Schwarze Erde) von Aşık Veysel.</p>



<p>Ziel von Lavanthe war es immer diese klare Schönheit in der Melodie und der Worte dem Zuhörer nahe zu bringen. Die Originallieder werden üblicherweise auf der Bağlama begleitet. Eylem Balabans klare, schöne Stimme berührt und fesselt die Zuhörer. Da es aber zu schade wäre, die Worte der Lieder nicht zu verstehen, gibt es vor jedem Lied eine deutsche Rezitation. Nicht nur eine Übersetzung. Die Poesie der deutschen Übersetzungen berührt gleichermaßen, vor allem mit der wunderbaren, ausdrucksstarken Stimme von Anika Herbst.</p>



<p>Nicht nur für Zuhörer, die beide Sprachen beherrschen, ein doppelter Genuss.<br></p>



<div class="wp-block-image"><figure class="aligncenter size-large"><img loading="lazy" decoding="async" width="1024" height="543" src="https://lavanthe.de/wp-content/uploads/2019/08/WhatsApp-Image-2019-06-19-at-12.16.30-1-e1565080078823-1024x543.jpeg" alt="" class="wp-image-792"/></figure></div>



<table style="width: 100%; border-collapse: collapse; border-style: none; height: 381px;">
<tbody>
<tr style="height: 381px;">
<td style="width: 73.1453%; height: 381px;">
<h4><strong data-rich-text-format-boundary="true">Anika Herbst (Rezitation)</strong></h4>
<br />hat einen Abschluss in Philosophy &amp; Economics an der Universität Bayreuth und absolvierte ihr Schauspielstudium an der Otto-Falckenberg-Schule in München. Sie wirkte an den Münchner Kammerspielen am Akademietheater mit und stellte auch eigene Produktionen auf die Beine. <br data-rich-text-line-break="true" /><br data-rich-text-line-break="true" />Für ihr zweisprachiges Theaterprojekt Atamaii &#8211; Gewitzte Kerle erhielt sie den Deutsch-Japanischen Freundschaftspreis der Robert Bosch Stiftung. <br />In der Zeit als festes Ensemblemitglied am Theater Erlangen wurde sie mit dem Erlanger Theaterpreis für herausragende künstlerische Leistungen ausgezeichnet. <br data-rich-text-line-break="true" /><br data-rich-text-line-break="true" />Mittlerweile arbeitet sie freischaffend als Schauspielerin und Sprecherin.</td>
<td style="width: 26.8547%; text-align: center; height: 381px;"> </td>
</tr>
</tbody>
</table>



<table style="width: 100%; border-collapse: collapse; border-style: none;">
<tbody>
<tr>
<td style="width: 73.442%;">
<h4><strong data-rich-text-format-boundary="true">Eylem Balaban (Gesang)</strong></h4>
<br>hat in Izmir Rechtswissenschaften studiert. Die große Leidenschaft der in Nürnberg lebenden Rechtsanwältin ist der Gesang und so hat sie viel Erfahrung mit Auftritten auf kleineren und größeren Bühnen. Schon als Kind trat sie als Solistin auf.<br data-rich-text-line-break="true"><br data-rich-text-line-break="true">Ob traditionelle Lieder der Barden oder moderne Stücke: sie überzeugt mit ihrer klaren und starken Stimme.<br data-rich-text-line-break="true"><br data-rich-text-line-break="true">Sie arbeitet mit unterschiedlichen internationalen Musikgruppen zusammen und zeigt, dass die universelle Sprache der Musik eine wichtige Rolle bei der Annäherung zwischen Kulturen spielt.</td>
<td style="width: 26.558%; text-align: center;">&nbsp;</td>
</tr>
</tbody>
</table>



<table style="width: 100%; border-collapse: collapse; border-style: none;">
<tbody>
<tr>
<td style="width: 74.0355%;">
<h4><strong data-rich-text-format-boundary="true">Sadık Kırıcı (Bağlama, Tar)</strong></h4>
<br>arbeitet in Nürnberg als Audiomessingenieur und hat schon als Kind mit dem Bağlama- Spielen begonnen.<br data-rich-text-line-break="true"><br data-rich-text-line-break="true">Die Bardenliteratur war schon immer ein fester Bestandteil seines Repertoires.<br data-rich-text-line-break="true"><br data-rich-text-line-break="true">Sein großer Wunsch ist es, nicht so bekannte, in Vergessenheit geratene Lieder von früheren oder neueren Barden wieder aufleben zu lassen.</td>
<td style="width: 25.9645%;">&nbsp;</td>
</tr>
</tbody>
</table>



<table style="width: 100%; border-collapse: collapse; border-style: none;">
<tbody>
<tr>
<td style="width: 74.0356%;">
<h4><span style="color: #808080;"><strong data-rich-text-format-boundary="true">Michael Popp (Multi-Instrumentalist)</strong></span></h4>
<br />
<ul>
<li><span style="color: #808080;">Studium der Musik am Mozarteum in Salzburg 1983-1987 u.a. bei Nikolaus Harnoncourt</span></li>
<li><span style="color: #808080;">Spezialisierung auf Alte Musik mit den Instrumenten Barockoboe, Traversflöte und Blockflöte</span></li>
<li><span style="color: #808080;">Kurse in türkischer Ud bei Cinucen Tanrıkorur</span></li>
<li><span style="color: #808080;">Gründung verschiedener Ensembles, wie z. B.das Mittelalterensembles ESTAMPIE, die Band QNTAL, das Projekt MARCO POLO, </span><br /><span style="color: #808080;">das Ensemble AL ANDALUZ PROJECTS und das Vokalensemble VOCAME.</span></li>
<li><span style="color: #808080;">Produktion mehrerer CD´s und DVD‘s</span></li>
<li><span style="color: #808080;">Gewinn des renommierten Weltmusikpreises „Ruth“ des Festivals Rudolstadt</span></li>
<li><span style="color: #808080;">Tourneen und Auftritte in ganz Europa , den USA und Kanada</span></li>
<li><span style="color: #808080;">Arbeit als Theatermusiker und – Komponist an diversen deutschen und schweizerischen Theatern.</span></li>
</ul>
</td>
<td style="width: 25.9645%; text-align: center;"> </td>
</tr>
</tbody>
</table>



<table style="width: 100%; border-collapse: collapse; border-style: none; height: 407px;">
<tbody>
<tr style="height: 407px;">
<td style="width: 75.8159%; height: 407px;">
<h4><span style="color: #808080;"><strong>Cornelius Wachinger (Oud, Bass)</strong></span></h4>
<span style="color: #808080;">bekam die Musik bereits in die Wiege gelegt und braucht diese ebenso zum Leben wie Luft, Wasser, Liebe und Nahrung.</span><br /><br /><span style="color: #808080;">Neben seiner Arbeit als IT-Consultant leistet er ehrenamtliche Arbeit im Rahmen der Flüchtlingshilfe, in der Kulturwerkstatt auf AEG sowie beim Brückenfestival in Nürnberg.</span><br /><br /><span style="color: #808080;">Nach diversen Ausflügen über verschiedene Tasten- und Blasinstrumenten kam er schließlich bei der E-Gitarre an, die seitdem sein Hauptinstrument ist und ihn bei zahlreichen Auftritten mit verschiedenen Bands begleitet hat.</span><br /><span style="color: #808080;">Über einige Umwege kam er dann zur modalen Musik und entdeckte die Oud als weiteres musikalisches Ausdrucksmittel.</span><br /><br /><span style="color: #808080;">Er ist davon überzeugt, dass Musik die universelle Sprache der Seele ist und ein verbindendes Element zwischen allen Völkern unserer Erde.</span></td>
<td style="width: 24.1841%; height: 407px;"> </td>
</tr>
</tbody>
</table>

<p>Die Gruppe Lavanthe tritt mit ihrem besonderen Programm der Bardenlieder seit einigen Jahren auf verschiedenen Bühnen in und um Nürnberg auf. Ihr Repertoire entstammt dem unerschöpflichen Schatz der Bardenliteratur. Die Bardentradition, die in der Türkei noch heute existiert, aktiv gelebt und auch fortentwickelt wird, geht bis in die Zeit des 13. Jahrhunderts zurück. So gehören &hellip; </p>
<p class="link-more"><a href="https://lavanthe.de/" class="more-link"><span class="screen-reader-text">„Startseite“ </span>weiterlesen</a></p>
